{"id":5422,"date":"2018-12-30T23:36:15","date_gmt":"2018-12-30T22:36:15","guid":{"rendered":"http:\/\/www.blasmusik-hohenkammer.de\/v3\/?page_id=5422"},"modified":"2018-12-31T15:10:17","modified_gmt":"2018-12-31T14:10:17","slug":"datenschutzerklaerung-fuer-die-facebook-fanpage-blasmusik-hohenkammer-e-v","status":"publish","type":"page","link":"https:\/\/www.blasmusik-hohenkammer.de\/v3\/?page_id=5422","title":{"rendered":"Daten\u00adschutz\u00ader\u00adkl\u00e4\u00adrung f\u00fcr unsere Face\u00adbook-Fan\u00adpage \u201cBlas\u00admu\u00adsik Hohen\u00adkam\u00admer e.V.\u201d"},"content":{"rendered":"<h2>Name und Anschrift der Verantwortlichen<\/h2>\n<p>Gemein\u00adsam Ver\u00adant\u00adwort\u00adli\u00adche f\u00fcr den Betrieb dieser Face\u00adbook-Seite sind im Sinne der EU-Daten\u00adschutz-Grund\u00adver\u00adord\u00adnung sowie sons\u00adti\u00adger daten\u00adschutz\u00adrecht\u00adli\u00adcher Bestim\u00admun\u00adgen&nbsp;die:<\/p>\n<p>Face\u00adbook Ire\u00adland Ltd.(nachfolgend \u201cFace\u00adbook\u201d)<br>\n4 Grand Canal Square<br>\nGrand Canal Harbour<br>\nDublin 2<br>\nIrland<\/p>\n<p>und<\/p>\n<p>Blas\u00admu\u00adsik Hohen\u00adkam\u00admer e.V.<br>\n1. Vor\u00adsit\u00adzen\u00adder Alois Hummel<br>\nVon-Vequel-Str. 11&nbsp;A<br>\n85411 Hohenkammer<\/p>\n<p>Die Ver\u00adein\u00adba\u00adrung zur gemein\u00adsa\u00admen Ver\u00adant\u00adwort\u00adlich\u00adkeit nach Art. 26 DSGVO finden Sie hier: <a href=\"https:\/\n\/www.facebook.com\/legal\/terms\/page_controller_addendum\" target=\"_blank\">https:\/<br>\n\/www.facebook.com\/legal\/terms\/page_controller_addendum<\/a><\/p>\n<p>Diese Ver\u00adein\u00adba\u00adrung wurde in dieser Form von Face\u00adbook Irland Ltd. zur Ver\u00adf\u00fc\u00adgung gestellt und wir als Nutzer der Fan\u00adpages, akzep\u00adtie\u00adren Sie durch die Nut\u00adzung von Face\u00adbook. Ob diese Ver\u00adein\u00adba\u00adrung den Vor\u00adaus\u00adset\u00adzun\u00adgen des Art. 26 DSGVO gen\u00fcgt, k\u00f6nnen wir nicht beurteilen.<\/p>\n<h2>Infor\u00adma\u00adtio\u00adnen \u00fcber unsere Facebook-Seite<\/h2>\n<p>Wir betrei\u00adben diese Seite, um auf unsere Akti\u00advi\u00adt\u00e4\u00adten auf\u00admerk\u00adsam zu machen und um mit Ihnen als Besu\u00adcher und Benut\u00adzer dieser Face\u00adbook-Seite sowie unse\u00adrer Web\u00adsei\u00adte in Kon\u00adtakt zu treten. Wei\u00adte\u00adre Infor\u00adma\u00adtio\u00adnen \u00fcber uns sowie \u00fcber unsere T\u00e4tig\u00adkei\u00adten etc. erhal\u00adten Sie auf unse\u00adrer Web\u00adsei\u00adte unter <a href=\"https:\/\/www.blasmusik-hohenkammer.de\" target=\"_blank\">https:\/\/www.blasmusik-hohenkammer.de<\/a>.<br>\nWir als Betrei\u00adber der Face\u00adbook-Seite haben kein Inter\u00ades\u00adse an der Erhe\u00adbung und wei\u00adte\u00adren Ver\u00adar\u00adbei\u00adtung Ihrer indi\u00advi\u00addu\u00adel\u00adlen per\u00adso\u00adnen\u00adbe\u00adzo\u00adge\u00adnen Daten zu Ana\u00adly\u00adse- oder Mar\u00adke\u00adting\u00adzwe\u00adcken. Wei\u00adter\u00adf\u00fch\u00adren\u00adde Hin\u00adwei\u00adse zu unse\u00adrem Umgang mit per\u00adso\u00adnen\u00adbe\u00adzo\u00adge\u00adnen Daten finden Sie in unse\u00adrer <a href=\"https:\/\/www.blasmusik-hohenkammer.de\/v3\/?page_id=5182\" target=\"_blank\">Daten\u00adschutz\u00ader\u00adkl\u00e4\u00adrung<\/a> unse\u00adrer Webseite.<\/p>\n<p>Der Betrieb unse\u00adrer Face\u00adbook-Seite unter Ein\u00adbe\u00adzug der Ver\u00adar\u00adbei\u00adtung der per\u00adso\u00adnen\u00adbe\u00adzo\u00adge\u00adnen Daten der Nutzer erfolgt auf Grund\u00adla\u00adge unse\u00adrer berech\u00adtig\u00adten Inter\u00ades\u00adsen an einer zeit\u00adge\u00adm\u00e4\u00ad\u00dfen und unter\u00adst\u00fct\u00adzen\u00adden Infor\u00adma\u00adti\u00adons- und Inter\u00adak\u00adti\u00adons\u00adm\u00f6g\u00adlich\u00adkeit f\u00fcr und mit unse\u00adren Nut\u00adzern und Besu\u00adchern gem. Art. 6 Abs. 1 lit. f)&nbsp;DSGVO.<\/p>\n<p>Eine Ein\u00adwil\u00adli\u00adgung gem. Art. 6 Abs. 1 S.1 lit. b) DSGVO f\u00fcr die Ver\u00adar\u00adbei\u00adtung der per\u00adso\u00adnen\u00adbe\u00adzo\u00adge\u00adnen Daten kann nur durch Face\u00adbook tech\u00adnisch ein\u00adge\u00adholt werden. Eine solche Ein\u00adwil\u00adli\u00adgungs\u00adm\u00f6g\u00adlich\u00adkeit bietet Face\u00adbook der\u00adzeit nicht&nbsp;an.<\/p>\n<h2>Ver\u00adar\u00adbei\u00adtung von Per\u00adso\u00adnen\u00adbe\u00adzo\u00adge\u00adnen Daten durch Facebook<\/h2>\n<p>Der Euro\u00adp\u00e4i\u00adsche Gerichts\u00adhof (EuGH) hat in seinem <a href=\"http:\/\/curia.europa.eu\/juris\/document\/document.jsf?text=&amp;docid=202543&amp;pageIndex=0&amp;doclang=DE&amp;mode=req&amp;dir=&amp;occ=first&amp;part=1&amp;cid=298398\" target=\"_blank\">Urteil vom 5. Juni 2018 <\/a> ent\u00adschie\u00adden, dass der Betrei\u00adber einer Face\u00adbook-Seite gemein\u00adsam mit Face\u00adbook f\u00fcr die Ver\u00adar\u00adbei\u00adtung per\u00adso\u00adnen\u00adbe\u00adzo\u00adge\u00adner Daten ver\u00adant\u00adwort\u00adlich&nbsp;ist.<\/p>\n<p>Uns ist bekannt, dass Face\u00adbook die Daten der Nutzer zu fol\u00adgen\u00adden Zwe\u00adcken verarbeitet:<\/p>\n<ul>\n<li>Wer\u00adbung (Ana\u00adly\u00adse, Erstel\u00adlung per\u00adso\u00adna\u00adli\u00adsier\u00adter Werbung)<\/li>\n<li>Erstel\u00adlung von Nutzerprofilen<\/li>\n<li>Markt\u00adfor\u00adschung.<\/li>\n<\/ul>\n<p>Face\u00adbook setzt zur Spei\u00adche\u00adrung und wei\u00adte\u00adren Ver\u00adar\u00adbei\u00adtung dieser Infor\u00adma\u00adtio\u00adnen Coo\u00adkies ein, also kleine Text\u00adda\u00adtei\u00aden, die auf den ver\u00adschie\u00adde\u00adnen End\u00adge\u00adr\u00e4\u00adten der Benut\u00adzer gespei\u00adchert werden. Sofern der Benut\u00adzer ein Face\u00adbook-Profil besitzt und bei diesem ein\u00adge\u00adloggt ist, erfolgt die Spei\u00adche\u00adrung und Ana\u00adly\u00adse auch ger\u00e4te\u00fcbergreifend.<\/p>\n<p>Die Daten\u00adschutz\u00ader\u00adkl\u00e4\u00adrung von Face\u00adbook ent\u00adh\u00e4lt wei\u00adte\u00adre Infor\u00adma\u00adtio\u00adnen zur Daten\u00adver\u00adar\u00adbei\u00adtung: <a href=\"https:\/\/www.facebook.com\/about\/privacy\/\" target=\"_blank\">https:\/\/www.facebook.com\/about\/privacy\/<\/a><\/p>\n<p>Wider\u00adspruchs\u00adm\u00f6g\u00adlich\u00adkei\u00adten (sog. Opt-Out) k\u00f6nnen hier: <a href=\"https:\/\/www.facebook.com\/settings?tab=ads\" target=\"_blank\">https:\/\/www.facebook.com\/settings?tab=ads<\/a> und hier: <a href=\"http:\/\/www.youronlinechoices.com \" target=\"_blank\">http:\/\/www.youronlinechoices.com <\/a> gesetzt werden.<\/p>\n<p>Face\u00adbook Inc., der US-ame\u00adri\u00adka\u00adni\u00adsche Mut\u00adter\u00adkon\u00adzern der Face\u00adbook Ire\u00adland Ltd.ist unter dem EU-U.S. Pri\u00adva\u00adcy-Shield zer\u00adti\u00adfi\u00adziert und gibt damit die Zusage, sich an euro\u00adp\u00e4i\u00adsche Daten\u00adschutz\u00adricht\u00adli\u00adni\u00aden zu halten. Wei\u00adte\u00adre Infor\u00adma\u00adtio\u00adnen zum Pri\u00adva\u00adcy-Shield-Status von Face\u00adbook gibt es hier: <a href=\"https:\/\/www.privacyshield.gov\/participant?id=a2zt0000000GnywAAC&amp;status=Active\" target=\"_blank\">https:\/\/www.privacyshield.gov\/participant?id=a2zt0000000GnywAAC<span class=\"amp\">&amp;<\/span>status=Active<\/a>.<\/p>\n<p>Die \u00dcber\u00admitt\u00adlung und wei\u00adte\u00adre Ver\u00adar\u00adbei\u00adtung per\u00adso\u00adnen\u00adbe\u00adzo\u00adge\u00adner Daten der Benut\u00adzer in Dritt\u00adl\u00e4n\u00adder, wie z.B. die USA, sowie die damit ver\u00adbun\u00adde\u00adnen even\u00adtu\u00adel\u00adlen Risi\u00adken f\u00fcr die Benut\u00adzer k\u00f6nnen von uns als Betrei\u00adber der Seite nicht aus\u00adge\u00adschlos\u00adsen werden.<\/p>\n<h2>Sta\u00adtis\u00adti\u00adsche&nbsp;Daten<\/h2>\n<p>\u00dcber die soge\u00adnann\u00adten \u201cInsights\u201d der Face\u00adbook-Seite sind sta\u00adtis\u00adti\u00adsche Daten unter\u00adschied\u00adli\u00adcher Kate\u00adgo\u00adrien f\u00fcr uns abruf\u00adbar. Diese Sta\u00adtis\u00adti\u00adken werden durch Face\u00adbook erzeugt und bereit\u00adge\u00adstellt. Auf die Erzeu\u00adgung und Dar\u00adstel\u00adlung haben wir als Betrei\u00adber der Seite keinen Ein\u00adfluss. Wir k\u00f6nnen diese Funk\u00adti\u00adon nicht abstel\u00adlen oder die Erzeu\u00adgung und Ver\u00adar\u00adbei\u00adtung der Daten nicht ver\u00adhin\u00addern. F\u00fcr einen w\u00e4hl\u00adba\u00adren Zeit\u00adraum sowie jeweils f\u00fcr die Kate\u00adgo\u00adrien Fans, Abon\u00adnen\u00adten, erreich\u00adte Per\u00adso\u00adnen und inter\u00adagie\u00adren\u00adde Per\u00adso\u00adnen werden uns bezo\u00adgen auf unsere Face\u00adbook-Seite nach fol\u00adgen\u00adde Daten durch Face\u00adbook bereit\u00adge\u00adstellt: Gesamt\u00adan\u00adzahl von Sei\u00adten\u00adauf\u00adru\u00adfen, \u201cGef\u00e4llt mir\u201d-Angaben, Sei\u00adten\u00adak\u00adti\u00advi\u00adt\u00e4\u00adten, Bei\u00adtrags\u00adin\u00adter\u00adak\u00adtio\u00adnen, Reich\u00adwei\u00adte, Video\u00adan\u00adsich\u00adten, Bei\u00adtrags\u00adreich\u00adwei\u00adte, Kom\u00admen\u00adta\u00adre, Geteil\u00adte Inhal\u00adten, Ant\u00adwor\u00adten, Anteil M\u00e4nner und Frauen, Her\u00adkunft bezo\u00adgen auf Land und Stadt, Spra\u00adche, Auf\u00adru\u00adfe und Klicks im Shop, Klicks auf Rou\u00adten\u00adpla\u00adner, Klicks auf Telefonnummern.<br>\nEben\u00adfalls werden auf diesem Wege Daten zu den mit unse\u00adrer Face\u00adbook-Seite ver\u00adkn\u00fcpf\u00adten Face\u00adbook-Grup\u00adpen bereit\u00adge\u00adstellt. Durch die st\u00e4n\u00addi\u00adge Ent\u00adwick\u00adlung von Face\u00adbook ver\u00ad\u00e4n\u00addert sich die Ver\u00adf\u00fcg\u00adbar\u00adkeit und die Auf\u00adbe\u00adrei\u00adtung der Daten, sodass wir f\u00fcr wei\u00adte\u00adre Details dazu auf die bereits o.g. Daten\u00adschutz\u00ader\u00adkl\u00e4\u00adrung von Face\u00adbook verweisen.<br>\nWir nutzen diese in agg\u00adre\u00adgier\u00adter Form ver\u00adf\u00fcg\u00adba\u00adren Daten, um unsere Bei\u00adtr\u00e4\u00adge und Akti\u00advi\u00adt\u00e4\u00adten auf unse\u00adrer Face\u00adbook-Seite f\u00fcr die Benut\u00adzer attrak\u00adti\u00adver zu machen. So nutzen wir z.B. die Ver\u00adtei\u00adlun\u00adgen nach Alter und Geschlecht f\u00fcr eine ange\u00adpass\u00adte Anspra\u00adche und die bevor\u00adzug\u00adten Besuchs\u00adzei\u00adten der Nutzer f\u00fcr eine zeit\u00adlich opti\u00admier\u00adte Pla\u00adnung unse\u00adrer Bei\u00adtr\u00e4\u00adge. Infor\u00adma\u00adtio\u00adnen \u00fcber die Art der ver\u00adwen\u00adde\u00adten End\u00adge\u00adr\u00e4\u00adte von Besu\u00adchern helfen uns dabei, die Bei\u00adtr\u00e4\u00adge optisch-gestal\u00adte\u00adrisch daran anzu\u00adpas\u00adsen. Ent\u00adspre\u00adchend der Face\u00adbook-Nut\u00adzungs\u00adbe\u00addin\u00adgun\u00adgen, denen jeder Benut\u00adzer im Rahmen der Erstel\u00adlung eines Face\u00adbook-Pro\u00adfils zuge\u00adstimmt hat, k\u00f6nnen wir die Abon\u00adnen\u00adten und Fans der Seite iden\u00adti\u00adfi\u00adzie\u00adren und deren Pro\u00adfi\u00adle sowie wei\u00adte\u00adre geteil\u00adte Infor\u00adma\u00adtio\u00adnen von ihnen einsehen.<\/p>\n<h2>Rechte der Benutzer<\/h2>\n<p>Bei Fragen zu Ihren Rech\u00adten soll\u00adten Sie sich bitte direkt mit Face\u00adbook in Ver\u00adbin\u00addung setzen. Sie haben ein Recht auf unent\u00adgelt\u00adli\u00adche Aus\u00adkunft \u00fcber bei Face\u00adbook zu Ihrer Person gespei\u00adcher\u00adten Daten sowie ggf. ein Recht auf Berich\u00adti\u00adgung, Ein\u00adschr\u00e4n\u00adkung der Ver\u00adar\u00adbei\u00adtung oder L\u00f6schung dieser Daten. Eben\u00adfalls haben Sie das Recht auf Daten\u00ad\u00fcber\u00adtrag\u00adbar\u00adkeit. Schlie\u00df\u00adlich haben Sie auch das Recht, sich \u00fcber die Ver\u00adar\u00adbei\u00adtung Ihrer per\u00ads\u00f6n\u00adli\u00adchen Daten durch Face\u00adbook bei der Daten\u00adschutz-Auf\u00adsichts\u00adbe\u00adh\u00f6r\u00adde zu beschwe\u00adren. Werden Aus\u00adkunfts\u00adfra\u00adgen an uns als Sei\u00adten\u00adbe\u00adtrei\u00adber gestellt, sind wir durch die Zusatz\u00adver\u00adein\u00adba\u00adrung mit Face\u00adbook ver\u00adpflich\u00adtet, diese Anfra\u00adgen-gleich ob von Pri\u00advat\u00adper\u00adso\u00adnen oder Beh\u00f6r\u00adden - inner\u00adhalb von 7 Tagen an Face\u00adbook weit erzu\u00adlei\u00adten. Dieses ergibt sich eben\u00adfalls aus dem o.g. Con\u00adtrol\u00adler Adden\u00addum <a href=\"https:\/\/www.facebook.com\/legal\/terms\/page_controller_addendum\" target=\"_blank\">https:\/\/www.facebook.com\/legal\/terms\/page_controller_addendum<\/a>.<\/p>\n<p>Soll\u00adten Sie dabei Unter\u00adst\u00fct\u00adzung ben\u00f6\u00adti\u00adgen oder ander\u00adwei\u00adti\u00adge Fragen haben, dann kon\u00adtak\u00adtie\u00adren Sie uns gerne unter dem oben ange\u00adge\u00adbe\u00adnen Kon\u00adtakt. Wenn Sie die hier beschrie\u00adbe\u00adnen Daten\u00adver\u00adar\u00adbei\u00adtun\u00adgen zuk\u00fcnf\u00adtig nicht mehr w\u00fcn\u00adschen, dann heben Sie bitte durch Nut\u00adzung der Funk\u00adti\u00adon \u201cDiese Seite gef\u00e4llt mir nicht mehr\u201d die Ver\u00adbin\u00addung Ihres Benut\u00adzer-Pro\u00adfils zu unse\u00adrer Seite&nbsp;auf.<\/p>\n<p>Stand der Infor\u00adma\u00adtio\u00adnen: 13.12.2018<br>\nMus\u00adter\u00advor\u00adla\u00adge: \u00a9 2018 Rechts\u00adan\u00adw\u00e4l\u00adtin Sabri\u00adna Keese-Haufs<br>\n<a href=\"http:\/\/www.lawlikes.de\" target=\"_blank\">http:\/\/www.lawlikes.de<\/a><\/p>\n","protected":false},"excerpt":{"rendered":"<p>Name und Anschrift der Ver\u00adant\u00adwort\u00adli\u00adchen Gemein\u00adsam Ver\u00adant\u00adwort\u00adli\u00adche f\u00fcr den Betrieb dieser Face\u00ad\u00adbook-Seite sind im Sinne der EU-Daten\u00ad\u00ad\u00adschutz-Grun\u00add\u00ad\u00adver\u00ad\u00ador\u00add\u00ad\u00adnung sowie sons\u00adti\u00adger daten\u00adschutz\u00adrecht\u00adli\u00adcher Bestim\u00admun\u00adgen&nbsp;die: Face\u00adbook Ire\u00adland Ltd.(nachfolgend \u201cFace\u00adbook\u201d) 4 Grand Canal Square Grand Canal Har\u00adbour Dublin 2 Irland und Blas\u00admu\u00adsik Hohen\u00adkam\u00admer e.V.&nbsp;1.&nbsp;\u2026<\/p>\n<p class=\"read-more\"> <a class=\"more-link\" href=\"https:\/\/www.blasmusik-hohenkammer.de\/v3\/?page_id=5422\"> <span class=\"screen-reader-text\">Daten\u00adschutz\u00ader\u00adkl\u00e4\u00adrung f\u00fcr unsere Face\u00ad\u00adbook-Fan\u00ad\u00adpa\u00adge \u201cBlas\u00admu\u00adsik Hohen\u00adkam\u00admer e.V.\u201d<\/span> Weiterlesen&nbsp;\u00bb<\/a><\/p>\n","protected":false},"author":1,"featured_media":0,"parent":0,"menu_order":0,"comment_status":"closed","ping_status":"closed","template":"","meta":{"wp_typography_post_enhancements_disabled":false,"ngg_post_thumbnail":0,"footnotes":""},"class_list":["post-5422","page","type-page","status-publish","hentry"],"_links":{"self":[{"href":"https:\/\/www.blasmusik-hohenkammer.de\/v3\/index.php?rest_route=\/wp\/v2\/pages\/5422","targetHints":{"allow":["GET"]}}],"collection":[{"href":"https:\/\/www.blasmusik-hohenkammer.de\/v3\/index.php?rest_route=\/wp\/v2\/pages"}],"about":[{"href":"https:\/\/www.blasmusik-hohenkammer.de\/v3\/index.php?rest_route=\/wp\/v2\/types\/page"}],"author":[{"embeddable":true,"href":"https:\/\/www.blasmusik-hohenkammer.de\/v3\/index.php?rest_route=\/wp\/v2\/users\/1"}],"replies":[{"embeddable":true,"href":"https:\/\/www.blasmusik-hohenkammer.de\/v3\/index.php?rest_route=%2Fwp%2Fv2%2Fcomments&post=5422"}],"version-history":[{"count":12,"href":"https:\/\/www.blasmusik-hohenkammer.de\/v3\/index.php?rest_route=\/wp\/v2\/pages\/5422\/revisions"}],"predecessor-version":[{"id":5436,"href":"https:\/\/www.blasmusik-hohenkammer.de\/v3\/index.php?rest_route=\/wp\/v2\/pages\/5422\/revisions\/5436"}],"wp:attachment":[{"href":"https:\/\/www.blasmusik-hohenkammer.de\/v3\/index.php?rest_route=%2Fwp%2Fv2%2Fmedia&parent=5422"}],"curies":[{"name":"wp","href":"https:\/\/api.w.org\/{rel}","templated":true}]}}