{"id":19,"date":"2013-04-07T21:17:47","date_gmt":"2013-04-07T19:17:47","guid":{"rendered":"http:\/\/www.blasmusik-hohenkammer.de\/v3\/?page_id=19"},"modified":"2023-03-12T20:00:12","modified_gmt":"2023-03-12T19:00:12","slug":"testseite","status":"publish","type":"page","link":"https:\/\/www.blasmusik-hohenkammer.de\/v3\/?page_id=19","title":{"rendered":"JUNO und JUBO - Einer f\u00fcr alle, alle f\u00fcr&nbsp;einen!"},"content":{"rendered":"<p>Einer f\u00fcr alle, alle f\u00fcr&nbsp;einen!<\/p>\n<h3>JUNO steht f\u00fcr <strong>JUN<\/strong>ior<strong>O<\/strong>rches\u00adter!<\/h3>\n<p>Das JUNO ist unser Ein\u00adstei\u00adger\u00ador\u00adches\u00adter f\u00fcr Kinder ab der drit\u00adten Klasse. Hier werden musi\u00adka\u00adli\u00adsche Grund\u00adla\u00adgen gelegt und Team\u00adf\u00e4\u00adhig\u00adkeit ein\u00adge\u00ad\u00fcbt. R\u00fcck\u00adsicht, Tole\u00adranz und gegen\u00adsei\u00adti\u00adge Auf\u00admerk\u00adsam\u00adkeit sind wich\u00adti\u00adge S\u00e4ulen. Die Kinder lernen Musik durch \u201cMusik machen\u201d. Dadurch stei\u00adgern sie ihre Kon\u00adzen\u00adtra\u00adti\u00adons\u00adf\u00e4\u00adhig\u00adkeit und ihr Selbstbewusstsein!<br>\nDie Orches\u00adter\u00adge\u00admein\u00adschaft f\u00fchrt zum Aufbau sozia\u00adler Bezie\u00adhun\u00adgen. Diese wirken auch \u00fcber die Grund\u00adschul\u00adzeit hinaus und erhal\u00adten Freund\u00adschaf\u00adten im \u00f6rt\u00adli\u00adchen Umfeld.<\/p>\nngg_shortcode_0_placeholder\n<p>Was ist das Beson\u00adde\u00adre am&nbsp;JUNO?<\/p>\n<ul>\n<li>Die Sch\u00fc\u00adle\u00adrin\u00adnen und Sch\u00fc\u00adler erler\u00adnen ein Blas\u00adin\u00adstru\u00adment durch Musik\u00adschul\u00adlehr\u00adkr\u00e4f\u00adte der Musik\u00adschu\u00adle Ampertal.<\/li>\n<li>Sie musi\u00adzie\u00adren sofort in der Gemein\u00adschaft. Orches\u00adter\u00adun\u00adter\u00adricht schon mit den ersten T\u00f6nen.<\/li>\n<\/ul>\n<p>Was erwar\u00adtet die Kinder?<\/p>\n<ul>\n<li>W\u00f6chent\u00adli\u00adcher Instru\u00admen\u00adtal\u00adun\u00adter\u00adricht, ein\u00adzeln oder in Klein\u00adgrup\u00adpen durch die Musikschule.<\/li>\n<li>Eine w\u00f6chent\u00adli\u00adche Orches\u00adter\u00adpro\u00adbe in Hohen\u00adkam\u00admer, ange\u00adlei\u00adtet durch Aus\u00adbil\u00adder der Blas\u00admu\u00adsik Hohen\u00adkam\u00admer. Diese ist f\u00fcr Sie kostenlos.<\/li>\n<li>Klei\u00adne\u00adre Auf\u00adtrit\u00adte und Konzerte<\/li>\n<\/ul>\n<p>Das JUNO star\u00adtet in der Regel alle zwei Jahre neu mit einer Instru\u00admen\u00adten\u00advor\u00adstel\u00adlung, die wir im Glonn\u00adbo\u00adten und in der Grund\u00adschu\u00adle ank\u00fcn\u00addi\u00adgen. Wir tref\u00adfen uns jeden Don\u00adners\u00adtag von 16:30 bis 17:30 in der Mehr\u00adzweck\u00adhal\u00adle. Aktu\u00adell musi\u00adzie\u00adren ca. 20 Kinder in dieser Nachwuchsgruppe.<\/p>\n<h3>JUBO steht f\u00fcr <strong>JU<\/strong>gend<strong>B<\/strong>las<strong>O<\/strong>rches\u00adter!<\/h3>\nngg_shortcode_1_placeholder\n<p>Musik ent\u00adsteht durch das Zusam\u00admen\u00adwir\u00adken und die Inter\u00adak\u00adti\u00adon aller Musi\u00adker. Bei der Arbeit an der Kunst muss also immer der Aufbau eines sozia\u00adlen Mit\u00adein\u00adan\u00adders im Fokus stehen. Diesen Pro\u00adzess steu\u00adern wir aktiv und f\u00fchren den im JUNO begon\u00adne\u00adnen Weg im JUBO kon\u00adse\u00adquent weiter. Nat\u00fcr\u00adlich haben wir dabei eine Menge Spa\u00df, die Freude am Musi\u00adzie\u00adren steht f\u00fcr uns im Vor\u00adder\u00adgrund. Das Musi\u00adzie\u00adren im Freun\u00addes\u00adkreis erg\u00e4nzt den indi\u00advi\u00addu\u00adel\u00adlen Musik\u00adun\u00adter\u00adricht und es hilft in \u201cschwie\u00adri\u00adgen Zeiten\u201d gegen den inne\u00adren Schwei\u00adne\u00adhund anzu\u00adk\u00e4mp\u00adfen. Man kann schlie\u00df\u00adlich seine Freun\u00adde nicht im Stich lassen!<\/p>\n<p>F\u00fcr Jugend\u00adorchs\u00adter gibt es viele sch\u00f6ne Arran\u00adge\u00adments. Wir stel\u00adlen daraus ein buntes Pro\u00adgramm zusam\u00admen das gut spiel\u00adbar ist, das aber auch Her\u00adaus\u00adfor\u00adde\u00adrun\u00adgen bietet. Ob Bai\u00adrisch Polka, Marsch, Fan\u00adfa\u00adre oder Pop\u00adsong, hier ist f\u00fcr jeden was dabei! Auch an kon\u00adzer\u00adtan\u00adter Film\u00admu\u00adsik haben wir uns schon ver\u00adsucht, z.B. mit Melo\u00addien aus Star Wars oder Fluch der Kari\u00adbik. Au\u00dfer\u00addem haben wir uns vor\u00adge\u00adnom\u00admen, auch immer wieder mal was aus\u00adwen\u00addig zu lernen. Aber keine Angst, ist alles nicht so schwer, wie es sich anh\u00f6rt!<\/p>\n<p>Nat\u00fcr\u00adlich \u00fcber\u00adneh\u00admen wir auch gerne klei\u00adne\u00adre Auf\u00adtrit\u00adte, z.B. beim St. Mar\u00adtins\u00adzug, am Senio\u00adren\u00adnach\u00admit\u00adtag oder bei Ver\u00adeins\u00adfes\u00adten. Einmal im Jahr planen wir ein gr\u00f6\u00ad\u00dfe\u00adres Kon\u00adzert. Auch meh\u00adre\u00adre Proben- und Frei\u00adzeit\u00adwo\u00adchen\u00adden haben wir schon zusam\u00admen verbracht.<\/p>\n<p>Unse\u00adren Rahmen f\u00fcr das Jugend\u00adblas\u00ador\u00adches\u00adter finden Sie <a href=\"https:\/\/www.blasmusik-hohenkammer.de\/v3\/wp-content\/uploads\/Rahmen_JUBO.pdf\" target=\"_blank\" rel=\"noopener\">hier<\/a>.<\/p>\n<h3>Kann ich da auch mitmachen?<\/h3>\n<p><strong>Klar, schaut doch ein\u00adfach mal vorbei!<\/strong><br>\n(siehe auch <a href=\"https:\/\/www.blasmusik-hohenkammer.de\/v3\/?page_id=167\">Ein Instru\u00adment lernen<\/a>).<\/p>\n","protected":false},"excerpt":{"rendered":"<p>Einer f\u00fcr alle, alle f\u00fcr&nbsp;einen! JUNO steht f\u00fcr JUNiorOrches\u00adter! Das JUNO ist unser Ein\u00adstei\u00adger\u00ador\u00adches\u00adter f\u00fcr Kinder ab der drit\u00adten Klasse. Hier werden musi\u00adka\u00adli\u00adsche Grund\u00adla\u00adgen gelegt und Team\u00adf\u00e4\u00adhig\u00adkeit ein\u00adge\u00ad\u00fcbt. R\u00fcck\u00adsicht, Tole\u00adranz und gegen\u00adsei\u00adti\u00adge Auf\u00admerk\u00adsam\u00adkeit sind wich\u00adti\u00adge S\u00e4ulen. Die Kinder lernen Musik&nbsp;\u2026<\/p>\n<p class=\"read-more\"> <a class=\"more-link\" href=\"https:\/\/www.blasmusik-hohenkammer.de\/v3\/?page_id=19\"> <span class=\"screen-reader-text\">JUNO und JUBO - Einer f\u00fcr alle, alle f\u00fcr&nbsp;einen!<\/span> Weiterlesen&nbsp;\u00bb<\/a><\/p>\n","protected":false},"author":1,"featured_media":0,"parent":0,"menu_order":0,"comment_status":"closed","ping_status":"closed","template":"","meta":{"wp_typography_post_enhancements_disabled":false,"ngg_post_thumbnail":0,"footnotes":""},"class_list":["post-19","page","type-page","status-publish","hentry"],"_links":{"self":[{"href":"https:\/\/www.blasmusik-hohenkammer.de\/v3\/index.php?rest_route=\/wp\/v2\/pages\/19","targetHints":{"allow":["GET"]}}],"collection":[{"href":"https:\/\/www.blasmusik-hohenkammer.de\/v3\/index.php?rest_route=\/wp\/v2\/pages"}],"about":[{"href":"https:\/\/www.blasmusik-hohenkammer.de\/v3\/index.php?rest_route=\/wp\/v2\/types\/page"}],"author":[{"embeddable":true,"href":"https:\/\/www.blasmusik-hohenkammer.de\/v3\/index.php?rest_route=\/wp\/v2\/users\/1"}],"replies":[{"embeddable":true,"href":"https:\/\/www.blasmusik-hohenkammer.de\/v3\/index.php?rest_route=%2Fwp%2Fv2%2Fcomments&post=19"}],"version-history":[{"count":18,"href":"https:\/\/www.blasmusik-hohenkammer.de\/v3\/index.php?rest_route=\/wp\/v2\/pages\/19\/revisions"}],"predecessor-version":[{"id":6740,"href":"https:\/\/www.blasmusik-hohenkammer.de\/v3\/index.php?rest_route=\/wp\/v2\/pages\/19\/revisions\/6740"}],"wp:attachment":[{"href":"https:\/\/www.blasmusik-hohenkammer.de\/v3\/index.php?rest_route=%2Fwp%2Fv2%2Fmedia&parent=19"}],"curies":[{"name":"wp","href":"https:\/\/api.w.org\/{rel}","templated":true}]}}